nder when 404191 is divided by 14.
11
What is the remainder when 38930 is divided by 9587?
582
What is the remainder when 729 is divided by 584?
145
Calculate the remainder when 34523 is divided by 8630.
3
Calculate the remainder when 66002 is divided by 215.
212
Calculate the remainder when 333 is divided by 134.
65
Calculate the remainder when 8877 is divided by 11.
0
Calculate the remainder when 17024 is divided by 1775.
1049
Calculate the remainder when 2859 is divided by 229.
111
Calculate the remainder when 30698 is divided by 267.
260
Calculate the remainder when 4087 is divided by 371.
6
Calculate the remainder when 73198 is divided by 2361.
7
What is the remainder when 29624 is divided by 13?
10
Calculate the remainder when 917957 is divided by 516.
509
Calculate the remainder when 19906 is divided by 2841.
19
Calculate the remainder when 13034 is divided by 1850.
84
What is the remainder when 1827 is divided by 144?
99
What is the remainder when 123423 is divided by 3981?
12
What is the remainder when 11620 is divided by 6?
4
Calculate the remainder when 33695 is divided by 70.
25
What is the remainder when 530777 is divided by 71?
52
What is the remainder when 2916766 is divided by 48?
46
What is the remainder when 10526 is divided by 90?
86
Calculate the remainder when 31628 is divided by 18.
2
Calculate the remainder when 998047 is divided by 199608.
7
Calculate the remainder when 2397779 is divided by 77.
76
What is the remainder when 30011 is divided by 1306?
1279
Calculate the remainder when 1034974 is divided by 98.
94
Calculate the remainder when 11877 is divided by 11859.
18
Calculate the remainder when 199582 is divided by 5.
2
Calculate the remainder when 30733 is divided by 63.
52
Calculate the remainder when 6022 is divided by 27.
1
Calculate the remainder when 41176 is divided by 39.
31
What is the remainder when 8240 is divided by 1647?
5
Calculate the remainder when 29790 is divided by 4962.
18
What is the remainder when 108350 is divided by 148?
14
What is the remainder when 2501 is divided by 626?
623
What is the remainder when 33018 is divided by 459?
429
What is the remainder when 10199 is divided by 3368?
95
What is the remainder when 6689 is divided by 1119?
1094
What is the remainder when 61462 is divided by 153?
109
Calculate the remainder when 169538 is divided by 31.
30
Calculate the remainder when 2193 is divided by 1954.
239
What is the remainder when 4738 is divided by 56?
34
Calculate the remainder when 10707 is divided by 23.
12
Calculate the remainder when 857073 is divided by 12.
9
Calculate the remainder when 28627 is divided by 34.
33
What is the remainder when 4574 is divided by 22?
20
Calculate the remainder when 6103747 is divided by 17.
16
Calculate the remainder when 2668 is divided by 816.
220
What is the remainder when 1066876 is divided by 110?
96
Calculate the remainder when 2301 is divided by 752.
45
What is the remainder when 57096 is divided by 48?
24
What is the remainder when 858 is divided by 330?
198
What is the remainder when 1358725 is divided by 561?
544
Calculate the remainder when 333474 is divided by 583.
581
What is the remainder when 10115 is divided by 122?
111
What is the remainder when 55479 is divided by 1588?
1487
What is the remainder when 3693 is divided by 231?
228
What is the remainder when 394 is divided by 98?
2
Calculate the remainder when 8743 is divided by 57.
22
Calculate the remainder when 186419 is divided by 15.
14
Calculate the remainder when 24836 is divided by 403.
253
What is the remainder when 964 is divided by 43?
18
Calculate the remainder when 67254 is divided by 8.
6
What is the remainder when 4593 is divided by 78?
69
What is the remainder when 9177 is divided by 38?
19
Calculate the remainder when 5331 is divided by 2663.
5
Calculate the remainder when 212736 is divided by 954.
948
Calculate the remainder when 5091 is divided by 8.
3
Calculate the remainder when 4079 is divided by 215.
209
Calculate the remainder when 21341 is divided by 3500.
341
What is the remainder when 434167 is divided by 28?
27
What is the remainder when 784914 is divided by 21?
18
Calculate the remainder when 40785 is divided by 13586.
27
Calculate the remainder when 89 is divided by 85.
4
What is the remainder when 71372 is divided by 281?
279
What is the remainder when 15653 is divided by 110?
33
What is the remainder when 283774 is divided by 60?
34
Calculate the remainder when 1982 is divided by 619.
125
What is the remainder when 5407 is divided by 258?
247
What is the remainder when 2883 is divided by 78?
75
Calculate the remainder when 68859 is divided by 1967.
14
What is the remainder when 50871 is divided by 10?
1
Calculate the remainder when 41783 is divided by 5216.
55
Calculate the remainder when 252 is divided by 8.
4
Calculate the remainder when 7080 is divided by 2143.
651
Calculate the remainder when 71755 is divided by 54.
43
Calculate the remainder when 42045 is divided by 154.
3
What is the remainder when 32461 is divided by 10806?
43
Calculate the remainder when 5983 is divided by 240.
223
Calculate the remainder when 10686 is divided by 67.
33
Calculate the remainder when 287224 is divided by 304.
248
What is the remainder when 1794 is divided by 661?
472
What is the remainder when 6851 is divided by 3308?
235
Calculate the remainder when 7299 is divided by 1454.
29
What is the remainder when 7951 is divided by 18?
13
What is the remainder when 63410 is divided by 2640?
50
What is the remainder when 21434 is divided by 2902?
1120
What is the remainder when 17077 is divided by 4264?
21
Calculate the remainder when 31443 is divided by 238.
27
Calculate the remainder when 50799 is divided by 141.
39
What is the remainder when 1032155 is divided by 344047?
14
What is the remainder when 36594 is divided by 385?
19
What is the remainder when 284123 is divided by 17757?
11
What is the remainder when 33530 is divided by 35?
0
Calculate the remainder when 2274 is divided by 249.
33
Calculate the remainder when 77931 is divided by 1771.
7
Calculate the remainder when 5785 is divided by 1649.
838
What is the remainder when 26423 is divided by 970?
233
Calculate the remainder when 54383 is divided by 227.
130
What is the remainder when 8409 is divided by 80?
9
Calculate the remainder when 2993 is divided by 51.
35
Calculate the remainder when 87518 is divided by 173.
153
Calculate the remainder when 17662 is divided by 442.
424
Calculate the remainder when 1156 is divided by 411.
334
Calculate the remainder when 5873 is divided by 53.
43
Calculate the remainder when 11359 is divided by 2242.
149
Calculate the remainder when 65154 is divided by 587.
584
Calculate the remainder when 64327 is divided by 5358.
31
What is the remainder when 810545 is divided by 29?
24
What is the remainder when 19822 is divided by 1238?
14
What is the remainder when 13416 is divided by 671?
667
What is the remainder when 7570 is divided by 19?
8
What is the remainder when 150171 is divided by 25026?
15
Calculate the remainder when 38108 is divided by 37.
35
Calculate the remainder when 1629 is divided by 1623.
6
Calculate the remainder when 388 is divided by 47.
12
What is the remainder when 4504 is divided by 144?
40
What is the remainder when 495 is divided by 164?
3
Calculate the remainder when 114049 is divided by 36.
1
Calculate the remainder when 3924 is divided by 438.
420
Calculate the remainder when 1632 is divided by 111.
78
Calculate the remainder when 33546 is divided by 8293.
374
What is the remainder when 347732 is divided by 347728?
4
Calculate the remainder when 1124773 is divided by 292.
281
What is the remainder when 7812 is divided by 141?
57
Calculate the remainder when 604835 is divided by 43.
40
What is the remainder when 1793 is divided by 103?
42
What is the remainder when 329348 is divided by 2573?
4
What is the remainder when 138899 is divided by 150?
149
Calculate the remainder when 117811 is divided by 867.
766
Calculate the remainder when 27857 is divided by 5571.
2
What is the remainder when 93241 is divided by 85?
81
Calculate the remainder when 49072 is divided by 7010.
2
Calculate the remainder when 22466 is divided by 177.
164
What is the remainde